{"id":181,"date":"2024-01-09T15:57:00","date_gmt":"2024-01-09T14:57:00","guid":{"rendered":"https:\/\/thefastgrip.com\/?page_id=181"},"modified":"2026-03-17T15:34:44","modified_gmt":"2026-03-17T14:34:44","slug":"choisis-ton-article","status":"publish","type":"page","link":"https:\/\/thefastgrip.com\/index.php\/choisis-ton-article\/","title":{"rendered":"CHOISIS TON ARTICLE"},"content":{"rendered":"<p>[et_pb_section fb_built=\u00a0\u00bb1&Prime; _builder_version=\u00a0\u00bb4.23.4&Prime; _module_preset=\u00a0\u00bbdefault\u00a0\u00bb background_image=\u00a0\u00bbhttps:\/\/thefastgrip.com\/wp-content\/uploads\/2023\/12\/fond-texture_Plan-de-travail-1.png\u00a0\u00bb global_colors_info=\u00a0\u00bb{}\u00a0\u00bb][et_pb_row _builder_version=\u00a0\u00bb4.23.4&Prime; _module_preset=\u00a0\u00bbdefault\u00a0\u00bb background_image=\u00a0\u00bbhttps:\/\/thefastgrip.com\/wp-content\/uploads\/2024\/01\/test-kawa-2-01.png\u00a0\u00bb height=\u00a0\u00bb25vh\u00a0\u00bb custom_margin=\u00a0\u00bb34px||30px||false|false\u00a0\u00bb border_radii=\u00a0\u00bbon|20px|20px|20px|20px\u00a0\u00bb global_colors_info=\u00a0\u00bb{}\u00a0\u00bb][et_pb_column type=\u00a0\u00bb4_4&Prime; _builder_version=\u00a0\u00bb4.23.4&Prime; _module_preset=\u00a0\u00bbdefault\u00a0\u00bb global_colors_info=\u00a0\u00bb{}\u00a0\u00bb][et_pb_button button_url=\u00a0\u00bb@ET-DC@eyJkeW5hbWljIjp0cnVlLCJjb250ZW50IjoicG9zdF9saW5rX3VybF9wYWdlIiwic2V0dGluZ3MiOnsicG9zdF9pZCI6IjE5MiJ9fQ==@\u00a0\u00bb button_text=\u00a0\u00bbMOTOCROSS\u00a0\u00bb button_alignment=\u00a0\u00bbcenter\u00a0\u00bb _builder_version=\u00a0\u00bb4.23.4&Prime; _dynamic_attributes=\u00a0\u00bbbutton_url\u00a0\u00bb _module_preset=\u00a0\u00bbdefault\u00a0\u00bb custom_button=\u00a0\u00bbon\u00a0\u00bb button_text_size=\u00a0\u00bb30px\u00a0\u00bb button_text_color=\u00a0\u00bb#FFFFFF\u00a0\u00bb button_bg_color=\u00a0\u00bbrgba(0,0,0,0.79)\u00a0\u00bb button_border_width=\u00a0\u00bb3px\u00a0\u00bb button_border_radius=\u00a0\u00bb10px\u00a0\u00bb button_font=\u00a0\u00bbKanit||||||||\u00a0\u00bb button_icon=\u00a0\u00bb&#xf21c;||fa||900&Prime; custom_margin=\u00a0\u00bb5vh||||false|false\u00a0\u00bb global_colors_info=\u00a0\u00bb{}\u00a0\u00bb][\/et_pb_button][\/et_pb_column][\/et_pb_row][et_pb_row _builder_version=\u00a0\u00bb4.23.4&Prime; _module_preset=\u00a0\u00bbdefault\u00a0\u00bb background_image=\u00a0\u00bbhttps:\/\/thefastgrip.com\/wp-content\/uploads\/2024\/01\/ktm-fast-grip-et-acessoire-enduro-01.png\u00a0\u00bb height=\u00a0\u00bb25vh\u00a0\u00bb custom_margin=\u00a0\u00bb||30px||false|false\u00a0\u00bb border_radii=\u00a0\u00bbon|20px|20px|20px|20px\u00a0\u00bb global_colors_info=\u00a0\u00bb{}\u00a0\u00bb][et_pb_column type=\u00a0\u00bb4_4&Prime; _builder_version=\u00a0\u00bb4.23.4&Prime; _module_preset=\u00a0\u00bbdefault\u00a0\u00bb global_colors_info=\u00a0\u00bb{}\u00a0\u00bb][et_pb_button button_url=\u00a0\u00bb@ET-DC@eyJkeW5hbWljIjp0cnVlLCJjb250ZW50IjoicG9zdF9saW5rX3VybF9wYWdlIiwic2V0dGluZ3MiOnsicG9zdF9pZCI6IjYxMyJ9fQ==@\u00a0\u00bb button_text=\u00a0\u00bbENDURO\u00a0\u00bb button_alignment=\u00a0\u00bbcenter\u00a0\u00bb _builder_version=\u00a0\u00bb4.23.4&Prime; _dynamic_attributes=\u00a0\u00bbbutton_url\u00a0\u00bb _module_preset=\u00a0\u00bbdefault\u00a0\u00bb custom_button=\u00a0\u00bbon\u00a0\u00bb button_text_size=\u00a0\u00bb30px\u00a0\u00bb button_text_color=\u00a0\u00bb#FFFFFF\u00a0\u00bb button_bg_color=\u00a0\u00bbrgba(0,0,0,0.8)\u00a0\u00bb button_border_width=\u00a0\u00bb3px\u00a0\u00bb button_border_radius=\u00a0\u00bb10px\u00a0\u00bb button_font=\u00a0\u00bbKanit||||||||\u00a0\u00bb button_icon=\u00a0\u00bb&#xf21c;||fa||900&Prime; custom_margin=\u00a0\u00bb5vh||||false|false\u00a0\u00bb global_colors_info=\u00a0\u00bb{}\u00a0\u00bb][\/et_pb_button][\/et_pb_column][\/et_pb_row][et_pb_row _builder_version=\u00a0\u00bb4.27.4&Prime; _module_preset=\u00a0\u00bbdefault\u00a0\u00bb background_image=\u00a0\u00bbhttps:\/\/thefastgrip.com\/wp-content\/uploads\/2025\/07\/draisienne-sedna-01-scaled.png\u00a0\u00bb height=\u00a0\u00bb25vh\u00a0\u00bb custom_margin=\u00a0\u00bb||30px||false|false\u00a0\u00bb border_radii=\u00a0\u00bbon|20px|20px|20px|20px\u00a0\u00bb global_colors_info=\u00a0\u00bb{}\u00a0\u00bb][et_pb_column type=\u00a0\u00bb4_4&Prime; _builder_version=\u00a0\u00bb4.23.4&Prime; _module_preset=\u00a0\u00bbdefault\u00a0\u00bb global_colors_info=\u00a0\u00bb{}\u00a0\u00bb][et_pb_button button_url=\u00a0\u00bb@ET-DC@eyJkeW5hbWljIjp0cnVlLCJjb250ZW50IjoicG9zdF9saW5rX3VybF9wYWdlIiwic2V0dGluZ3MiOnsicG9zdF9pZCI6IjIxMDMyIn19@\u00a0\u00bb button_text=\u00a0\u00bbDRAISIENNE\u00a0\u00bb button_alignment=\u00a0\u00bbcenter\u00a0\u00bb _builder_version=\u00a0\u00bb4.27.4&Prime; _dynamic_attributes=\u00a0\u00bbbutton_url\u00a0\u00bb _module_preset=\u00a0\u00bbdefault\u00a0\u00bb custom_button=\u00a0\u00bbon\u00a0\u00bb button_text_size=\u00a0\u00bb30px\u00a0\u00bb button_text_color=\u00a0\u00bb#FFFFFF\u00a0\u00bb button_bg_color=\u00a0\u00bbrgba(0,0,0,0.8)\u00a0\u00bb button_border_width=\u00a0\u00bb3px\u00a0\u00bb button_border_radius=\u00a0\u00bb10px\u00a0\u00bb button_font=\u00a0\u00bbKanit||||||||\u00a0\u00bb button_icon=\u00a0\u00bb&#xf21c;||fa||900&Prime; custom_margin=\u00a0\u00bb5vh||||false|false\u00a0\u00bb global_colors_info=\u00a0\u00bb{}\u00a0\u00bb][\/et_pb_button][\/et_pb_column][\/et_pb_row][et_pb_row _builder_version=\u00a0\u00bb4.24.3&Prime; _module_preset=\u00a0\u00bbdefault\u00a0\u00bb background_image=\u00a0\u00bbhttps:\/\/thefastgrip.com\/wp-content\/uploads\/2024\/04\/bouton-padock-01.png\u00a0\u00bb background_position=\u00a0\u00bbcenter_left\u00a0\u00bb height=\u00a0\u00bb25vh\u00a0\u00bb custom_margin=\u00a0\u00bb||30px||false|false\u00a0\u00bb border_radii=\u00a0\u00bbon|20px|20px|20px|20px\u00a0\u00bb global_colors_info=\u00a0\u00bb{}\u00a0\u00bb][et_pb_column type=\u00a0\u00bb4_4&Prime; _builder_version=\u00a0\u00bb4.23.4&Prime; _module_preset=\u00a0\u00bbdefault\u00a0\u00bb global_colors_info=\u00a0\u00bb{}\u00a0\u00bb][et_pb_button button_url=\u00a0\u00bbhttps:\/\/thefastgrip.com\/index.php\/categorie-produit\/paddock\/\u00a0\u00bb button_text=\u00a0\u00bbPADDOCK\u00a0\u00bb button_alignment=\u00a0\u00bbcenter\u00a0\u00bb _builder_version=\u00a0\u00bb4.24.3&Prime; _module_preset=\u00a0\u00bbdefault\u00a0\u00bb custom_button=\u00a0\u00bbon\u00a0\u00bb button_text_size=\u00a0\u00bb30px\u00a0\u00bb button_text_color=\u00a0\u00bb#FFFFFF\u00a0\u00bb button_bg_color=\u00a0\u00bbrgba(0,0,0,0.8)\u00a0\u00bb button_border_width=\u00a0\u00bb3px\u00a0\u00bb button_border_radius=\u00a0\u00bb10px\u00a0\u00bb button_font=\u00a0\u00bbKanit||||||||\u00a0\u00bb button_icon=\u00a0\u00bb&#xe011;||divi||400&Prime; custom_margin=\u00a0\u00bb5vh||||false|false\u00a0\u00bb global_colors_info=\u00a0\u00bb{}\u00a0\u00bb][\/et_pb_button][\/et_pb_column][\/et_pb_row][et_pb_row disabled_on=\u00a0\u00bbon|on|on\u00a0\u00bb _builder_version=\u00a0\u00bb4.27.4&Prime; _module_preset=\u00a0\u00bbdefault\u00a0\u00bb background_image=\u00a0\u00bbhttps:\/\/thefastgrip.com\/wp-content\/uploads\/2024\/04\/baniere-pilote-01.png\u00a0\u00bb background_position=\u00a0\u00bbcenter_left\u00a0\u00bb height=\u00a0\u00bb25vh\u00a0\u00bb custom_margin=\u00a0\u00bb||30px||false|false\u00a0\u00bb border_radii=\u00a0\u00bbon|20px|20px|20px|20px\u00a0\u00bb disabled=\u00a0\u00bbon\u00a0\u00bb global_colors_info=\u00a0\u00bb{}\u00a0\u00bb][et_pb_column type=\u00a0\u00bb4_4&Prime; _builder_version=\u00a0\u00bb4.23.4&Prime; _module_preset=\u00a0\u00bbdefault\u00a0\u00bb global_colors_info=\u00a0\u00bb{}\u00a0\u00bb][et_pb_button button_url=\u00a0\u00bb@ET-DC@eyJkeW5hbWljIjp0cnVlLCJjb250ZW50IjoicG9zdF9saW5rX3VybF9wYWdlIiwic2V0dGluZ3MiOnsicG9zdF9pZCI6Ijk5MzQifX0=@\u00a0\u00bb button_text=\u00a0\u00bbPILOTE\u00a0\u00bb button_alignment=\u00a0\u00bbcenter\u00a0\u00bb _builder_version=\u00a0\u00bb4.27.2&Prime; _dynamic_attributes=\u00a0\u00bbbutton_url\u00a0\u00bb _module_preset=\u00a0\u00bbdefault\u00a0\u00bb custom_button=\u00a0\u00bbon\u00a0\u00bb button_text_size=\u00a0\u00bb30px\u00a0\u00bb button_text_color=\u00a0\u00bb#FFFFFF\u00a0\u00bb button_bg_color=\u00a0\u00bbrgba(0,0,0,0.8)\u00a0\u00bb button_border_width=\u00a0\u00bb3px\u00a0\u00bb button_border_radius=\u00a0\u00bb10px\u00a0\u00bb button_font=\u00a0\u00bbKanit||||||||\u00a0\u00bb button_icon=\u00a0\u00bb&#xe08a;||divi||400&Prime; custom_margin=\u00a0\u00bb5vh||||false|false\u00a0\u00bb global_colors_info=\u00a0\u00bb{}\u00a0\u00bb][\/et_pb_button][\/et_pb_column][\/et_pb_row][et_pb_row _builder_version=\u00a0\u00bb4.23.4&Prime; _module_preset=\u00a0\u00bbdefault\u00a0\u00bb background_image=\u00a0\u00bbhttps:\/\/thefastgrip.com\/wp-content\/uploads\/2024\/01\/guiraud-1.jpg\u00a0\u00bb height=\u00a0\u00bb25vh\u00a0\u00bb border_radii=\u00a0\u00bbon|20px|20px|20px|20px\u00a0\u00bb global_colors_info=\u00a0\u00bb{}\u00a0\u00bb][et_pb_column type=\u00a0\u00bb4_4&Prime; _builder_version=\u00a0\u00bb4.23.4&Prime; _module_preset=\u00a0\u00bbdefault\u00a0\u00bb global_colors_info=\u00a0\u00bb{}\u00a0\u00bb][et_pb_button button_url=\u00a0\u00bbhttps:\/\/thefastgrip.com\/index.php\/categorie-produit\/sportswear\/\u00a0\u00bb button_text=\u00a0\u00bbSPORTSWEAR\u00a0\u00bb button_alignment=\u00a0\u00bbcenter\u00a0\u00bb _builder_version=\u00a0\u00bb4.24.3&Prime; _module_preset=\u00a0\u00bbdefault\u00a0\u00bb custom_button=\u00a0\u00bbon\u00a0\u00bb button_text_size=\u00a0\u00bb30px\u00a0\u00bb button_text_color=\u00a0\u00bb#FFFFFF\u00a0\u00bb button_bg_color=\u00a0\u00bbrgba(0,0,0,0.79)\u00a0\u00bb button_border_width=\u00a0\u00bb3px\u00a0\u00bb button_border_radius=\u00a0\u00bb10px\u00a0\u00bb button_font=\u00a0\u00bbKanit||||||||\u00a0\u00bb button_icon=\u00a0\u00bb&#xf553;||fa||900&Prime; custom_margin=\u00a0\u00bb5vh||||false|false\u00a0\u00bb global_colors_info=\u00a0\u00bb{}\u00a0\u00bb][\/et_pb_button][\/et_pb_column][\/et_pb_row][\/et_pb_section]<\/p>\n","protected":false},"excerpt":{"rendered":"","protected":false},"author":1,"featured_media":0,"parent":0,"menu_order":0,"comment_status":"closed","ping_status":"closed","template":"","meta":{"_et_pb_use_builder":"on","_et_pb_old_content":"","_et_gb_content_width":"","iawp_total_views":11799,"footnotes":""},"class_list":["post-181","page","type-page","status-publish","hentry"],"yoast_head":"<!-- This site is optimized with the Yoast SEO Premium plugin v27.5 (Yoast SEO v27.5) - https:\/\/yoast.com\/product\/yoast-seo-premium-wordpress\/ -->\n<title>grip de protection et accessoire motocross enduro v\u00e9lo stand<\/title>\n<meta name=\"description\" content=\"Fast grip et sp\u00e9cialis\u00e9 dans les accessoires pour motocross enduro v\u00e9lo etc... Des grips de protections, kits plastiques, kit d\u00e9co et autres accessoires\" \/>\n<meta name=\"robots\" content=\"index, follow, max-snippet:-1, max-image-preview:large, max-video-preview:-1\" \/>\n<link rel=\"canonical\" href=\"https:\/\/thefastgrip.com\/index.php\/choisis-ton-article\/\" \/>\n<meta property=\"og:locale\" content=\"fr_FR\" \/>\n<meta property=\"og:type\" content=\"article\" \/>\n<meta property=\"og:title\" content=\"grip de protection et accessoire motocross enduro v\u00e9lo stand CHOISIS TON ARTICLE\" \/>\n<meta property=\"og:description\" content=\"Fast grip et sp\u00e9cialis\u00e9 dans les accessoires pour motocross enduro v\u00e9lo etc... Des grips de protections, kits plastiques, kit d\u00e9co et autres accessoires\" \/>\n<meta property=\"og:url\" content=\"https:\/\/thefastgrip.com\/index.php\/choisis-ton-article\/\" \/>\n<meta property=\"og:site_name\" content=\"Fast Grip\" \/>\n<meta property=\"article:modified_time\" content=\"2026-03-17T14:34:44+00:00\" \/>\n<meta property=\"og:image\" content=\"https:\/\/thefastgrip.com\/wp-content\/uploads\/2024\/02\/logo-rectangle_Plan-de-travail-1.png\" \/>\n\t<meta property=\"og:image:width\" content=\"4421\" \/>\n\t<meta property=\"og:image:height\" content=\"2763\" \/>\n\t<meta property=\"og:image:type\" content=\"image\/png\" \/>\n<meta name=\"twitter:card\" content=\"summary_large_image\" \/>\n<meta name=\"twitter:title\" content=\"CHOISIS TON ARTICLE\" \/>\n<meta name=\"twitter:label1\" content=\"Dur\u00e9e de lecture estim\u00e9e\" \/>\n\t<meta name=\"twitter:data1\" content=\"1 minute\" \/>\n<script type=\"application\/ld+json\" class=\"yoast-schema-graph\">{\"@context\":\"https:\\\/\\\/schema.org\",\"@graph\":[{\"@type\":\"WebPage\",\"@id\":\"https:\\\/\\\/thefastgrip.com\\\/index.php\\\/choisis-ton-article\\\/\",\"url\":\"https:\\\/\\\/thefastgrip.com\\\/index.php\\\/choisis-ton-article\\\/\",\"name\":\"grip de protection et accessoire motocross enduro v\u00e9lo stand\",\"isPartOf\":{\"@id\":\"https:\\\/\\\/thefastgrip.com\\\/#website\"},\"datePublished\":\"2024-01-09T14:57:00+00:00\",\"dateModified\":\"2026-03-17T14:34:44+00:00\",\"description\":\"Fast grip et sp\u00e9cialis\u00e9 dans les accessoires pour motocross enduro v\u00e9lo etc... Des grips de protections, kits plastiques, kit d\u00e9co et autres accessoires\",\"breadcrumb\":{\"@id\":\"https:\\\/\\\/thefastgrip.com\\\/index.php\\\/choisis-ton-article\\\/#breadcrumb\"},\"inLanguage\":\"fr-FR\",\"potentialAction\":[{\"@type\":\"ReadAction\",\"target\":[\"https:\\\/\\\/thefastgrip.com\\\/index.php\\\/choisis-ton-article\\\/\"]}]},{\"@type\":\"BreadcrumbList\",\"@id\":\"https:\\\/\\\/thefastgrip.com\\\/index.php\\\/choisis-ton-article\\\/#breadcrumb\",\"itemListElement\":[{\"@type\":\"ListItem\",\"position\":1,\"name\":\"Accueil\",\"item\":\"https:\\\/\\\/thefastgrip.com\\\/\"},{\"@type\":\"ListItem\",\"position\":2,\"name\":\"CHOISIS TON ARTICLE\"}]},{\"@type\":\"WebSite\",\"@id\":\"https:\\\/\\\/thefastgrip.com\\\/#website\",\"url\":\"https:\\\/\\\/thefastgrip.com\\\/\",\"name\":\"Fast Grip\",\"description\":\"Grip de protection pour motocross enduro etc...\",\"alternateName\":\"the fast grip\",\"potentialAction\":[{\"@type\":\"SearchAction\",\"target\":{\"@type\":\"EntryPoint\",\"urlTemplate\":\"https:\\\/\\\/thefastgrip.com\\\/?s={search_term_string}\"},\"query-input\":{\"@type\":\"PropertyValueSpecification\",\"valueRequired\":true,\"valueName\":\"search_term_string\"}}],\"inLanguage\":\"fr-FR\"}]}<\/script>\n<!-- \/ Yoast SEO Premium plugin. -->","yoast_head_json":{"title":"grip de protection et accessoire motocross enduro v\u00e9lo stand","description":"Fast grip et sp\u00e9cialis\u00e9 dans les accessoires pour motocross enduro v\u00e9lo etc... Des grips de protections, kits plastiques, kit d\u00e9co et autres accessoires","robots":{"index":"index","follow":"follow","max-snippet":"max-snippet:-1","max-image-preview":"max-image-preview:large","max-video-preview":"max-video-preview:-1"},"canonical":"https:\/\/thefastgrip.com\/index.php\/choisis-ton-article\/","og_locale":"fr_FR","og_type":"article","og_title":"grip de protection et accessoire motocross enduro v\u00e9lo stand CHOISIS TON ARTICLE","og_description":"Fast grip et sp\u00e9cialis\u00e9 dans les accessoires pour motocross enduro v\u00e9lo etc... Des grips de protections, kits plastiques, kit d\u00e9co et autres accessoires","og_url":"https:\/\/thefastgrip.com\/index.php\/choisis-ton-article\/","og_site_name":"Fast Grip","article_modified_time":"2026-03-17T14:34:44+00:00","og_image":[{"width":4421,"height":2763,"url":"https:\/\/thefastgrip.com\/wp-content\/uploads\/2024\/02\/logo-rectangle_Plan-de-travail-1.png","type":"image\/png"}],"twitter_card":"summary_large_image","twitter_title":"CHOISIS TON ARTICLE","twitter_misc":{"Dur\u00e9e de lecture estim\u00e9e":"1 minute"},"schema":{"@context":"https:\/\/schema.org","@graph":[{"@type":"WebPage","@id":"https:\/\/thefastgrip.com\/index.php\/choisis-ton-article\/","url":"https:\/\/thefastgrip.com\/index.php\/choisis-ton-article\/","name":"grip de protection et accessoire motocross enduro v\u00e9lo stand","isPartOf":{"@id":"https:\/\/thefastgrip.com\/#website"},"datePublished":"2024-01-09T14:57:00+00:00","dateModified":"2026-03-17T14:34:44+00:00","description":"Fast grip et sp\u00e9cialis\u00e9 dans les accessoires pour motocross enduro v\u00e9lo etc... Des grips de protections, kits plastiques, kit d\u00e9co et autres accessoires","breadcrumb":{"@id":"https:\/\/thefastgrip.com\/index.php\/choisis-ton-article\/#breadcrumb"},"inLanguage":"fr-FR","potentialAction":[{"@type":"ReadAction","target":["https:\/\/thefastgrip.com\/index.php\/choisis-ton-article\/"]}]},{"@type":"BreadcrumbList","@id":"https:\/\/thefastgrip.com\/index.php\/choisis-ton-article\/#breadcrumb","itemListElement":[{"@type":"ListItem","position":1,"name":"Accueil","item":"https:\/\/thefastgrip.com\/"},{"@type":"ListItem","position":2,"name":"CHOISIS TON ARTICLE"}]},{"@type":"WebSite","@id":"https:\/\/thefastgrip.com\/#website","url":"https:\/\/thefastgrip.com\/","name":"Fast Grip","description":"Grip de protection pour motocross enduro etc...","alternateName":"the fast grip","potentialAction":[{"@type":"SearchAction","target":{"@type":"EntryPoint","urlTemplate":"https:\/\/thefastgrip.com\/?s={search_term_string}"},"query-input":{"@type":"PropertyValueSpecification","valueRequired":true,"valueName":"search_term_string"}}],"inLanguage":"fr-FR"}]}},"jetpack_sharing_enabled":true,"_links":{"self":[{"href":"https:\/\/thefastgrip.com\/index.php\/wp-json\/wp\/v2\/pages\/181","targetHints":{"allow":["GET"]}}],"collection":[{"href":"https:\/\/thefastgrip.com\/index.php\/wp-json\/wp\/v2\/pages"}],"about":[{"href":"https:\/\/thefastgrip.com\/index.php\/wp-json\/wp\/v2\/types\/page"}],"author":[{"embeddable":true,"href":"https:\/\/thefastgrip.com\/index.php\/wp-json\/wp\/v2\/users\/1"}],"replies":[{"embeddable":true,"href":"https:\/\/thefastgrip.com\/index.php\/wp-json\/wp\/v2\/comments?post=181"}],"version-history":[{"count":32,"href":"https:\/\/thefastgrip.com\/index.php\/wp-json\/wp\/v2\/pages\/181\/revisions"}],"predecessor-version":[{"id":23395,"href":"https:\/\/thefastgrip.com\/index.php\/wp-json\/wp\/v2\/pages\/181\/revisions\/23395"}],"wp:attachment":[{"href":"https:\/\/thefastgrip.com\/index.php\/wp-json\/wp\/v2\/media?parent=181"}],"curies":[{"name":"wp","href":"https:\/\/api.w.org\/{rel}","templated":true}]}}